What is the units digit of k?
7
Let s = -27507 - -53507. What is the tens digit of s?
0
Let y(z) = 11*z**2 - 155*z - 406. What is the thousands digit of y(47)?
6
Let a = 96 + -89. Suppose 33*s = a*s + 3640. What is the units digit of s?
0
Let d = -372 + 546. What is the tens digit of (d + -45)/((-6)/(-38))?
1
Suppose 162*k - 167*k = 19720. What is the hundreds digit of k/12*18/(-12)?
4
Let r = 47 + -23. Let o = r + -65. Let i = o + 94. What is the units digit of i?
3
Suppose 20*w + k - 21655 = 18*w, 54137 = 5*w + 3*k. What is the thousands digit of w?
0
Let r = 107332 - 65209. What is the ten thousands digit of r?
4
Suppose r - 6*r + 5 = 0, -4*g + 34173 = -3*r. What is the hundreds digit of g?
5
Let z be 296/(-32)*(-127 - 1). Let v = 1668 - z. What is the hundreds digit of v?
4
Suppose 59888 = 4*q - 4*w, 44912 = -25*q + 28*q - w. What is the hundreds digit of q?
9
Let o = 53 + -49. Suppose 88 = -p + o*i, -292 = -2*p + 6*p - i. What is the tens digit of 4*(2/(-3) + (-3558)/p)?
9
Let g be (-392)/(-10)*(-75)/(-6). Let y = -271 + g. What is the tens digit of y/4 + 4/16?
5
Let k = 252 - 402. What is the hundreds digit of 0/(-1) - k - (-708)/(-177)?
1
Suppose -18*y = y - 6821. Let u = -97 + y. What is the tens digit of u?
6
Let a = 670 + -611. Suppose -a*t + 40342 = -12522. What is the units digit of t?
6
Suppose 4*c + 1 = 5*j + 37, -3*c + j + 16 = 0. Suppose -18*r + 17*r = c. What is the tens digit of (-2 + 4)/(r/(-424))?
1
Suppose 0 = 3*p + 4*p + 4*p. Suppose p = -4*m + 243 + 1005. What is the hundreds digit of m?
3
Suppose -3*x - 5*o = -7*o - 1235, 5*o = 3*x - 1247. Suppose -4*i + 1153 = x. What is the hundreds digit of i?
1
Let a(d) = 3589*d - 8065. What is the hundreds digit of a(10)?
8
Let d(k) = -3*k**2 + 14*k - 4. Suppose 2*z - 32 = 4*t, 24 = -2*t - 0*t - z. Let h be t/45 + (-152)/(-36). What is the units digit of d(h)?
4
Let w = 921 - 116. Suppose w - 186 = j. What is the hundreds digit of j?
6
Let r(y) = y**2 - 7*y - 1. Let v be r(7). Let b be (0 + v)*(-89)/1. Suppose 2*o + 92 = 2*n, -3*n + 39 = -5*o - b. What is the tens digit of n?
5
What is the hundreds digit of ((-31)/(-15))/(1/153) - (-32)/(-160)?
3
Suppose 5*w - 10 = -5*c, 2*w - 3*c = -w - 24. What is the hundreds digit of ((-2949)/(-6) + 5)/w*-2?
3
Suppose -13*n + 1336 = -21*n. Let o = 260 + n. What is the tens digit of (o/4)/(18/24)?
3
Suppose 0 = 216*u - 199*u - 66079. What is the units digit of u?
7
Let s(n) = n**2 + 3*n - 19. Let b = 0 - 15. Let h be -5*(0 + 1)*(-24)/b. What is the units digit of s(h)?
1
Suppose 5 = c + 2*x, 0 = -4*c - 0*c - x + 34. Let v be ((-1)/(-3)*c)/((-6)/(-314)). Let t = v - 110. What is the tens digit of t?
4
Let w be 0/(5/(25/(-5))). Suppose 7*u + 175 - 518 = w. What is the tens digit of u?
4
Let f be 2/5*(-125)/(-25) - -6. What is the units digit of -1 + 2278/f - 5/(-20)?
4
Suppose 4*q = 5*x + 2*q - 35, -20 = -4*q. Let g(h) = -9*h + 13*h + 2 + 6*h - h**2 + 1. What is the tens digit of g(x)?
1
Let d(p) = -p**3 - 18*p**2 - 19*p - 39. Let r be d(-17). What is the units digit of (-3)/5 + (-6 - 438/r)?
1
Suppose m - 18431 = 2*v, 0 = 3*m - v - 31122 - 24151. What is the thousands digit of m?
8
Let z(a) = -5 + 46*a - 13*a + 5*a. Let q be z(-2). Let u = q + 125. What is the tens digit of u?
4
Let t = 2402 + 3946. What is the units digit of t?
8
Let r = -24075 - -24386. What is the units digit of r?
1
Suppose -35*y - 2*y = 333. What is the units digit of (-19)/(-171) + (-584)/y?
5
Let u = 2816 - 4031. Let a = u + 2654. What is the units digit of a?
9
Suppose -9 = 3*u, -u + 1055 = m + 90. Let z = m + -573. What is the hundreds digit of z?
3
Let j = 23588 + 1068. What is the hundreds digit of j?
6
Suppose 1027 - 7351 = -12*s. Let m = 1401 - s. What is the hundreds digit of m?
8
Suppose -4*w + 54588 = -4*v, -59311 = -3*w - 3*v - 18352. What is the units digit of w?
0
Suppose -48*h = -42*h - 2796. Suppose 22*u = 260 + h. What is the tens digit of u?
3
Let w(l) = -2*l**2 + 83*l - 91. Let z be w(35). What is the thousands digit of (13/(z/(-609)))/((-1)/48)?
1
Let q = -7 + 257. Let v = 797 - q. What is the units digit of v?
7
Let p(s) = 2*s**3 + 12*s**2 - 3*s - 15. Let f be p(-6). Let d(n) = 206*n - 51. What is the units digit of d(f)?
7
Let n = -2511 + 8983. What is the tens digit of n?
7
Let c(j) = 3*j**2 + 2*j - 1. Let d be c(1). Suppose 0 = -4*p + n + 1280, d*p - 1276 = -3*n + 5*n. What is the tens digit of p?
2
What is the thousands digit of 6565 + 1/(-3)*-10*1053/(-585)?
6
Let w(b) = 4*b**2 + 10*b + 6. Let d be w(-5). Let s be 66/4 + 3/6. Suppose v + s = d. What is the tens digit of v?
3
Let x(a) = 3*a**2 + a - 4. Let g be x(-4). Suppose -3*i - 4*l = -17, -5*l = -6*i + i + g. Suppose -8*n + 67 = -i*n. What is the units digit of n?
7
Let v(i) = -5*i + 25. Let g be v(5). Suppose 4*j = h + 207, j = -3*h - g*h + 42. Suppose -j*a = -49*a - 184. What is the units digit of a?
2
Let h be 0 + (-8)/(-12) - (-608)/(-3). Let t = h + 370. Suppose 13*i = 17*i - t. What is the units digit of i?
2
Let v(j) = j**3 + j**2 - 8*j - 6. Let t be v(-4). Let o = t - -26. Suppose 5*y = -2*k + o*k + 235, 141 = 3*y + 4*k. What is the tens digit of y?
4
Let v(m) = m**3 - 15*m**2 - m - 20. Suppose -38 = -3*c + c. Suppose c*y - 48 = 16*y. What is the hundreds digit of v(y)?
2
Let h(a) = -10*a - 5. Let b be h(-2). Let y be (b - 13) + (-62)/(-2) + 1. Suppose c + 2*r = -0*r + y, 0 = -5*r + 20. What is the units digit of c?
6
Let i(s) = -s**3 - 20*s**2 - 6*s + 16. Let l(u) = -u**2 + u + 1. Let v(j) = i(j) + 4*l(j). What is the tens digit of v(-25)?
9
Suppose -27387 = -3*u + 2*n, 4*u - 57*n - 36536 = -61*n. What is the hundreds digit of u?
1
What is the units digit of -9 - (-9 + -7784) - -7?
1
Let j(g) = g**3 + 2*g**2 - 2. Let t be j(-2). Let r(m) = -193*m + 3. Let w be r(t). Suppose 4*d - w = -17. What is the units digit of d?
3
What is the tens digit of (1/(10/(-63324)))/((48/(-120))/1)?
3
Let x(p) = -2*p**3 + 54*p**2 - 33*p - 134. Suppose -2*f = -0*f + 5*k - 47, 4*f - 5*k - 109 = 0. What is the hundreds digit of x(f)?
3
Let q(f) = -f**3 - 12*f**2 - 3*f - 3. Let s be q(-12). Let b = -26 + s. Suppose -2*d + b*d - 155 = 0. What is the units digit of d?
1
Let f be (-3 - -2)/((-6)/24). What is the tens digit of (2528/40)/((-4)/(-10)) - f?
5
What is the units digit of (-167729)/(-6) + (-13 - 545/(-30)) + -5?
5
Suppose 20*f - 35028 = 19*f + 3*u, -35046 = -f + 5*u. What is the tens digit of f?
0
Let p(u) be the second derivative of 0*u**2 + 275/12*u**4 + 1/2*u**3 + 0 - 9*u. What is the units digit of p(-1)?
2
Let z be (3 + 1452/20)/(3/(-15)). What is the tens digit of (-104)/78*z/4?
2
Suppose -91*l = -94*l - 5*g + 8965, 5*g = 5*l - 14995. What is the units digit of l?
5
Suppose 77574 = -33*b - 53*b + 1371100. What is the hundreds digit of b?
0
Let a(z) = 35 + 18*z - 41*z - 8 + 20*z. Let i be a(9). Suppose -4*m = -i*m - 356. What is the units digit of m?
9
Let h(r) = -r**3 - 4*r**2 + 5*r + 4. Let y be h(-5). Suppose y = 3*s + 5*p, 7*s + 60 = 2*s + 5*p. What is the units digit of 1602/21 - (-2)/s?
6
Let g = 147 - 177. What is the tens digit of 1*317 - (-25 - g)?
1
Let p = 48 - 156. Suppose 0 = h + 3*n - n + 92, -h + 2*n - 88 = 0. What is the tens digit of (p/(-30))/((-4)/h)?
8
Suppose 5*z - 44592 = -4*p, 2*p - 48*z = -43*z + 22296. What is the units digit of p?
8
Let r(t) = t + 27. Let s be r(-5). Suppose -s*y = -17*y - 205. What is the units digit of y?
1
Suppose -31*f - 14115 = -79401. Suppose -27*s + 30*s = f. What is the units digit of s?
2
Suppose -5*f = -t + 1421, 67*t + 7195 = 72*t + 5*f. What is the tens digit of t?
3
Suppose 3*c + 17939 = 5*o, -4*o + 17178 = 4*c + 2846. What is the tens digit of o?
8
Let g = -3 - -11. Suppose 0 = -3*f - 2*d + 33, 3*f + 5*d - 8*d - 18 = 0. Suppose g*o - f*o + 2 = 0. What is the units digit of o?
2
Suppose 8 = 5*s - 3*s. Suppose -5*a - 2*v + 107 + 291 = 0, 0 = -s*a - 5*v + 315. What is the tens digit of a?
8
Let l be (5640/(-27))/5 - (-4)/(-18). What is the units digit of (-1)/1 - 1*l?
1
Let p = 153 - 46. Let w = -104 + p. What is the units digit of 106 - -2*w/6?
7
Let f(s) = 847*s**2 - 17*s - 79. What is the ten thousands digit of f(-5)?
2
Suppose l - 5810 = -2*k, -3*k - l + 8718 = 2*l. Suppose -7*m + k = 349. What is the units digit of m?
5
Let o = -2074 +